.
-aa903
What is -34d5a (base 14) in base 16?
-1f754
Convert -2216660 (base 7) to base 10.
-273707
What is -15624230 (base 8) in base 5?
-1411133442
What is -122444203 (base 5) in base 7?
-5021561
What is -130416 (base 8) in base 4?
-23010032
3095986 (base 11) to base 6
312523202
What is -321c759 (base 13) in base 8?
-72222133
Convert 163edf (base 16) to base 2.
101100011111011011111
514324 (base 7) to base 2
10101011110100101
Convert -258317 (base 9) to base 15.
-317b4
202214403 (base 5) to base 13
2292c3
-4144 (base 10) to base 11
-3128
212111201 (base 4) to base 5
20011100
Convert -201110211212101 (base 3) to base 11.
-592a323
3212313441 (base 5) to base 3
110201110122202
Convert 27200 (base 10) to base 14.
9cac
Convert -30c54 (base 13) to base 11.
-5aa50
-1ba8a8 (base 12) to base 5
-111323423
53155150 (base 6) to base 4
11323221222
-346c4 (base 15) to base 13
-5ac82
2453c (base 13) to base 7
365525
Convert 1414517 (base 8) to base 9.
668245
-110011011010101000 (base 2) to base 10
-210600
What is 116824 (base 9) in base 7?
412663
Convert -112324112 (base 6) to base 5.
-1013022232
What is -7746501 (base 8) in base 4?
-13330311001
-2002111403 (base 5) to base 3
-21102020200200
What is 1443655 (base 8) in base 16?
647ad
Convert 1033221 (base 4) to base 3.
20222210
Convert -425446 (base 7) to base 10.
-73975
-10101111001010110 (base 2) to base 9
-146021
Convert -15439 (base 12) to base 4.
-13110231
Convert -3134162 (base 7) to base 4.
-1130120312
What is 100010110000110110 (base 2) in base 15?
2c2ca
What is 55965 (base 13) in base 6?
3155230
Convert 37655 (base 12) to base 6.
1340145
Convert -9aa1a (base 13) to base 9.
-467074
14042552 (base 8) to base 16
30456a
104033516 (base 7) to base 9
12666002
-101000010100100001 (base 2) to base 10
-165153
69a0b (base 16) to base 5
102321101
-27304355 (base 8) to base 12
-2077491
Convert -762190 (base 11) to base 3.
-2021212220021
Convert -121243144 (base 5) to base 2.
-10001011100100011010
14555523 (base 6) to base 3
222001222020
Convert -230112321111 (base 4) to base 13.
-2541957
What is -353ec (base 15) in base 11?
-106505
12206341 (base 7) to base 16
10b421
Convert -737163 (base 9) to base 3.
-211021012010
-222235 (base 8) to base 7
-431252
Convert -1011022202 (base 3) to base 11.
-1617a
Convert -35038 (base 12) to base 4.
-101103230
What is -1591741 (base 10) in base 13?
-439678
What is 2300334142 (base 5) in base 8?
23325202
What is 1047425 (base 8) in base 12?
117505
Convert 2305575 (base 9) to base 14.
245599
What is 1d7a9 (base 15) in base 8?
273752
Convert 960168 (base 13) to base 2.
1101011001101110101010
100002220110 (base 3) to base 14
49489
Convert 24327653 (base 8) to base 5.
2332302022
23735015 (base 9) to base 5
10432100241
Convert 101100011011101110001 (base 2) to base 7.
15242566
Convert -11202222103 (base 4) to base 3.
-2201210201101
221102002001 (base 3) to base 11
311851
-100101002022022 (base 3) to base 11
-28a272a
What is -10328087 (base 9) in base 15?
-685484
c3766 (base 14) to base 15
946e1
What is 34107 (base 15) in base 8?
503347
Convert 1101002022000 (base 3) to base 16.
b2359
What is -296a2 (base 11) in base 15?
-c719
What is -1310210131 (base 4) in base 7?
-4026016
What is -2051250 (base 6) in base 7?
-564603
Convert 10100101000011011 (base 2) to base 4.
110220123
-1e9d8a (base 15) to base 7
-15522466
Convert 162406 (base 8) to base 9.
88374
-12221002020111 (base 3) to base 10
-3150913
314033444 (base 5) to base 16
14103a
Convert 11111302030 (base 4) to base 11.
876890
What is 737701 (base 8) in base 16?
3bfc1
Convert c3a3d0 (base 15) to base 4.
203132100303
-404629 (base 10) to base 12
-1761b1
Convert 14424043 (base 5) to base 16.
25d12
What is -189933 (base 11) in base 5?
-33310113
Convert -64403021 (base 8) to base 16.
-d20611
-2132133 (base 4) to base 13
-4803
Convert 160648 (base 9) to base 6.
2042025
Convert 143441525 (base 7) to base 13.
1c73309
-186509 (base 11) to base 3
-112120101110
Convert -b5badb (base 16) to base 10.
-11909851
-45252123 (base 6) to base 4
-11033310303
Convert 1010120122222 (base 3) to base 13.
180c7a
What is -1120416 (base 10) in base 6?
-40003040
-254012 (base 9) to base 2
-100101100011100110
Convert 326331 (base 8) to base 4.
122303121
Convert -320584 (base 16) to base 12.
-1121144
-761b2 (base 12) to base 15
-31268
What is -962151 (base 10) in base 14?
-1b08d1
Convert 5084802 (base 9) to base 12.
aaa20b
-4b11 (base 16) to base 3
-222100202
344421401 (base 5) to base 4
11331010103
2156542 (base 8) to base 5
122042322
Convert 3050204 (base 7) to base 3.
200112202112
What is 101001211103 (base 4) in base 7?
52635314
What is 35927b8 (base 12) in base 8?
47513374
-1456311 (base 7) to base 6
-4133423
What is 14908a (base 12) in base 7?
2644633
Convert 1100111011001110 (base 2) to base 15.
10a47
What is -3201401 (base 6) in base 9?
-256741
What is -7b6ad (base 15) in base 4?
-1133330311
What is 11110011000000101110 (base 2) in base 4?
3303000232
a8a41 (base 11) to base 2
100110101001101001
What is -102450455 (base 6) in base 16?
-1ba103
-103330100 (base 4) to base 2
-10011111100010000
What is 278f (base 16) in base 11?
7677
Convert -431566 (base 9) to base 13.
-9001b
What is 33321011 (base 4) in base 13?
23822
What is -9a761b (base 16) in base 9?
-21037752
What is 512321 (base 7) in base 4?
111103310
Convert 6906 (base 16) to base 2.
110100100000110
Convert -1530611 (base 8) to base 14.
-b5c13
What is 402230032 (base 6) in base 5?
3222044421
2011903 (base 10) to base 15
29b1bd
Convert 2121202111012 (base 3) to base 8.
5240152
What is -3b9a6 (base 13) in base 5?
-12032012
Convert -11e265 (base 15) to base 9.
-1546605
What is -100501412 (base 7) in base 12?
-1b61088
Convert 1406a1 (base 11) to base 13.
7945b
What is 1000110001101010111010 (base 2) in base 11?
1331527
Convert 4077377 (base 8) to base 12.
441767
What is 21b6b (base 14) in base 15?
193a2
Convert 5543567 (base 9) to base 4.
23113313203
144543 (base 10) to base 13
50a39
What is 1110011000100001010 (base 2) in base 6?
14033550
What is -1164054 (base 9) in base 10?
-632821
Convert 758357 (base 10) to base 4.
2321021111
Convert 5030124 (base 6) to base 3.
110001101221
142599 (base 15) to base 6
32442130
27c4d (base 15) to base 4
133022200
-27aa83 (base 13) to base 11
-5aaa87
171728 (base 14) to base 5
201422023
-100111001010010100111 (base 2) to base 3
-2102012021101
Convert -7172284 (base 9) to base 11.
-2184112
-202210202202 (base 3) to base 11
-25a75a
What is 2012112120 (base 3) in base 12?
21150
-101011110203 (base 4) to base 15
-5d6d48
Convert -1337034 (base 11) to base 12.
-933787
Convert -3143314 (base 5) to base 8.
-147337
What is -535456 (base 12) in base 5?
-314100100
Convert -75205 (base 8) to base 6.
-401113
86bed (base 16) to base 11
347733
What is 2555333 (base 8) in base 3?
1100010211200
Convert 210111111102 (base 3) to base 12.
184a92
Convert 16125451 (base 7) to base 11.
970872
103012020313 (base 4) to base 12
1814b07
-ba906 (base 12) to base 8
-741626
What is 110100001110000000000 (base 2) in base 3?
10012221012020
427374 (base 13) to base 11
974834
What is 1326574 (base 12) in base 4?
32130012220
What is -145531 (base 9) in base 8?
-256433
What is -511120 (base 8) in base 13?
-5b929
What is -13e70d (base 15) in base 10?
-960088
a65870 (base 12) to base 15
36c10c
-10222102100122 (base 3) to base 8
-10041470
Convert -62842a (base 12) to base 11.
-96878a
Convert 1271797 (base 10) to base 2.
100110110011111110101
What is -960169 (base 14) in base 13?
-1087315
Convert -22501145 (base 6) to base 14.
-140453
-191b96 (base 15) to base 13
-3399a5
7b26 (base 15) to base 13
bb86
Convert -a6bd4 (base 14) to base 15.
-7e5e6
What is -32422433 (base 5) in base 14?
-73d39
17cd8 (base 15) to base 3
10220211112
-a76a0 (base 11) to base 14
-410b1
What is 150101566 (base 7) in base 12?
3395187
-1744b81 (base 13) to base 16
-733788
Convert 123211144 (base 5) to base 6.
20513251
-3736770 (base 8) to base 15
-155a32
Convert -145956 (base 13) to base 4.
-1321213002
Convert 242304244 (base 5) to base 12.
468971
-5544227 (base 9) to base 12
-bb96b1
Convert -2768216 (base 11) to base 7.
-55352316
What is 251060 (base 11) in base 5?
100143304
23200143 (base 5) to base 9
348242
What is 14204402 